{"id":23,"date":"2019-06-20T20:15:37","date_gmt":"2019-06-20T19:15:37","guid":{"rendered":"https:\/\/skbit.pl\/?page_id=23"},"modified":"2019-06-20T20:21:41","modified_gmt":"2019-06-20T19:21:41","slug":"projektowanie-stron-internetowych","status":"publish","type":"page","link":"https:\/\/skbit.pl\/index.php\/projektowanie-stron-internetowych\/","title":{"rendered":"PROJEKTOWANIE STRON INTERNETOWYCH"},"content":{"rendered":"\n<p><strong>Pozycjonowanie stron internetowych<\/strong><br> Pozycjonowanie ma na celu podwy\u017cszenie w wynikach wyszukiwania adresu internetowego Twojej strony w popularnych wyszukiwarkach internetowych takich jak Google, onet.pl czy wp.pl, dzi\u0119ki temu Pa\u0144stwa strona internetowa stanie si\u0119 bardziej popularna, dost\u0119pna dla wi\u0119kszej liczby odbiorc\u00f3w i potencjalnych klient\u00f3w.<\/p>\n\n\n\n<hr class=\"wp-block-separator\"\/>\n\n\n\n<p><strong>Projektowanie stron internetowych<\/strong><br> Strony internetowe to w obecnych czasach najskuteczniejsze narz\u0119dzie promocji firmy, produktu lub osoby. Obecnie trudno wyobrazi\u0107 sobie nowoczesn\u0105 firm\u0119, kt\u00f3ra nie posiada swojej strony www. Odpowiednio zaprojektowana i zbudowana strona internetowa pozwala budowa\u0107 pozytywny wizerunek firmy, promowa\u0107 produkty oraz ludzi. Wype\u0142niona warto\u015bciow\u0105 tre\u015bci\u0105, odpowiednio zaprojektowana strona www pozwala dotrze\u0107 do szerokiego grona odbiorc\u00f3w. Profesjonalna strona internetowa jest przede wszystkim stosunkowo tani\u0105 a zarazem skuteczn\u0105 drog\u0105 kontaktu z potencjalnym klientem. Tworzenie stron internetowych stanowi jedn\u0105 z g\u0142\u00f3wnych pozycji w naszej ofercie. Naszymi klientami s\u0105 g\u0142\u00f3wnie firmy z sektora ma\u0142ych i \u015brednich przedsi\u0119biorstw &#8211; firmy te wiedz\u0105, \u017ce strona www mo\u017ce prze\u0142o\u017cy\u0107 si\u0119 na realny zysk. Rozbudowana strona firmowa, pozwalaj\u0105ca na pe\u0142ne zaprezentowanie oferty firmy, produkt\u00f3w, us\u0142ug, aktualno\u015bci, itp.<\/p>\n\n\n\n<hr class=\"wp-block-separator\"\/>\n\n\n\n<p><strong>Przebudowa lub aktualizacja stron internetowych<\/strong><br> Posiadasz ju\u017c stron\u0119 internetow\u0105 ? Chcia\u0142by\u015b j\u0105 rozbudowa\u0107 ? zaktualizowa\u0107 ? Przebudowa istniej\u0105cych stron www, dostosowanie do obowi\u0105zuj\u0105cych standard\u00f3w, zmiana szaty graficznej, wdra\u017canie systemu CMS. Bardzo tanio i bez zb\u0119dnych formalno\u015bci.<\/p>\n\n\n\n<hr class=\"wp-block-separator\"\/>\n\n\n\n<p><strong>Umowa serwisowa &#8211; sta\u0142a opieka nad stron\u0105<\/strong><br> Twoja strona wymaga cz\u0119stych aktualizacji? Potrzebujesz wsparcia technicznego ? nie posiadasz systemu CMS ? Bardzo elastyczna us\u0142uga dostosowana do Twoich potrzeb. Ju\u017c nie musisz si\u0119 martwi\u0107 nieaktualn\u0105 stron\u0119 Twojej firmy. Kompleksowa us\u0142uga w oparciu o umow\u0119 serwisow\u0105. Us\u0142uga polegaj\u0105ca na aktualizacji danych na stronie, dokonywaniu wszelkich zmian na stronie, wprowadzanie nowych rozwi\u0105za\u0144 itp. Zakres prac ustalany jest w zale\u017cno\u015bci od Pa\u0144stwa potrzeb.<\/p>\n","protected":false},"excerpt":{"rendered":"<p>Pozycjonowanie stron internetowych Pozycjonowanie ma na celu podwy\u017cszenie w wynikach wyszukiwania adresu internetowego Twojej strony w popularnych wyszukiwarkach internetowych takich jak Google, onet.pl czy wp.pl, dzi\u0119ki temu Pa\u0144stwa strona internetowa stanie si\u0119 bardziej popularna, dost\u0119pna dla wi\u0119kszej liczby odbiorc\u00f3w i potencjalnych klient\u00f3w. Projektowanie stron internetowych Strony internetowe to w obecnych czasach najskuteczniejsze narz\u0119dzie promocji firmy, [&hellip;]<\/p>\n","protected":false},"author":2,"featured_media":0,"parent":0,"menu_order":0,"comment_status":"closed","ping_status":"closed","template":"page-template\/page-with-left-sidebar.php","meta":{"footnotes":""},"class_list":["post-23","page","type-page","status-publish","hentry"],"jetpack_sharing_enabled":true,"amp_enabled":false,"_links":{"self":[{"href":"https:\/\/skbit.pl\/index.php\/wp-json\/wp\/v2\/pages\/23","targetHints":{"allow":["GET"]}}],"collection":[{"href":"https:\/\/skbit.pl\/index.php\/wp-json\/wp\/v2\/pages"}],"about":[{"href":"https:\/\/skbit.pl\/index.php\/wp-json\/wp\/v2\/types\/page"}],"author":[{"embeddable":true,"href":"https:\/\/skbit.pl\/index.php\/wp-json\/wp\/v2\/users\/2"}],"replies":[{"embeddable":true,"href":"https:\/\/skbit.pl\/index.php\/wp-json\/wp\/v2\/comments?post=23"}],"version-history":[{"count":1,"href":"https:\/\/skbit.pl\/index.php\/wp-json\/wp\/v2\/pages\/23\/revisions"}],"predecessor-version":[{"id":24,"href":"https:\/\/skbit.pl\/index.php\/wp-json\/wp\/v2\/pages\/23\/revisions\/24"}],"wp:attachment":[{"href":"https:\/\/skbit.pl\/index.php\/wp-json\/wp\/v2\/media?parent=23"}],"curies":[{"name":"wp","href":"https:\/\/api.w.org\/{rel}","templated":true}]}}